- 6*z**2 + 2*z**2 - 5 - 7*z. Suppose -5 = 5*o + 20. List the prime factors of u(o).
5
Let f(m) = -4*m - 1. Let b be f(-3). Let r(v) = v**2 - 9*v - 4. What are the prime factors of r(b)?
2, 3
Let g(u) = 15*u + 3. Let s = 11 - 8. What are the prime factors of g(s)?
2, 3
Let g(u) = -u**2 + 16*u + 6. What are the prime factors of g(6)?
2, 3, 11
Let q(o) = 48*o**2 + 6*o - 5. List the prime factors of q(1).
7
Suppose 2*y - a - 42 = 0, 2*y = y - a + 27. List the prime factors of y.
23
Let t(j) = -j**3 + 4*j - 3. Let i be t(2). What are the prime factors of (i/(-3))/(1/14)?
2, 7
Let i = 1 - 5. Let y = i - -5. What are the prime factors of 52/6 - y/(-3)?
3
Let q(l) = -6*l**2 + 2*l - 1. Let h be q(1). Let n be (4/8)/((-1)/(-4)). List the prime factors of (-1 - h)*4/n.
2
Let l = -15 + 43. Let s(q) = 2*q + 6. Let y be s(-9). Let x = y + l. List the prime factors of x.
2
Suppose 2*c - 155 = -2*p + 197, 4*c - 4*p - 712 = 0. What are the prime factors of c?
3, 59
What are the prime factors of (-2)/(725/365 + -2)?
2, 73
Suppose b - 3*b + 8 = 0. List the prime factors of (48 - 6)*2/b.
3, 7
What are the prime factors of 0/(4/(-16)*-4) + 108?
2, 3
Let a(l) = -l - 2 + 0 - 6*l. What are the prime factors of a(-3)?
19
Let n(v) = -1 + 4*v + 7*v - 15*v. Let s be n(1). Let r = s - -13. What are the prime factors of r?
2
Let i(c) = c**2 - 4*c + 1. Let d be i(4). Suppose -l + 2 = -d. Suppose -3*f + 3*s + 0 - l = 0, 3*f + 3*s - 27 = 0. What are the prime factors of f?
2
Suppose 4*t + 3*i = t + 27, -5*i + 17 = -2*t. Suppose -4*j = -r + 4*r - 30, 0 = -t*r + 8. Let z(w) = -w + 8. What are the prime factors of z(j)?
2
Let n(z) = 3*z - 24. What are the prime factors of n(12)?
2, 3
List the prime factors of (-19)/((-57)/(-15) + -4).
5, 19
Let p = 82 - 54. Suppose -4*h - u + 99 = 0, 4*u + p = h + u. Suppose -82 = -3*d - h. List the prime factors of d.
19
Let d(w) = -2*w - 4. Let f be d(-8). Suppose -z - 2*z + f = 0. What are the prime factors of z + (-1 - 1)*1?
2
Suppose k = -2*k + 12. Suppose -4*h = 4*b - 3 + 23, -20 = k*h. Suppose -t + 0 + 9 = b. What are the prime factors of t?
3
Let b = 91 + -17. What are the prime factors of b?
2, 37
Let v = 35 + -3. What are the prime factors of v?
2
Let a = -1 + -3. Suppose 2*s + 2 = 6. What are the prime factors of (-57)/(-6) - s/a?
2, 5
Let g = -11 + 41. What are the prime factors of g?
2, 3, 5
Let d(l) = l**3 - 8*l**2 - 9*l + 11. Suppose -j + 9 = -0*j. List the prime factors of d(j).
11
Let p = 1 + 0. Let j(v) = -1 + 4*v - v**2 - 3*v + 5*v**2. What are the prime factors of j(p)?
2
Suppose 0 = -3*u - 5 + 2. Let c = u - -5. List the prime factors of c.
2
Let g be (0 - (-3 + 4))*3. What are the prime factors of 8*14/4 - g?
31
Let s(j) = 3*j**3 - 11*j**2 - 3*j + 3. Let g(r) = -3*r**3 - 3*r + 5*r**3 - 10*r**2 + 4 + 0*r. Let x(o) = -4*g(o) + 3*s(o). List the prime factors of x(-6).
11
Suppose -3*v = 5*i - 667 - 358, 0 = -4*v + 20. List the prime factors of i.
2, 101
What are the prime factors of 4 + -5 + (1 - -102)?
2, 3, 17
Suppose 5*h = h + 1248. What are the prime factors of h?
2, 3, 13
Suppose 15 = z - 12. List the prime factors of z.
3
List the prime factors of (8/10)/(14/5635).
2, 7, 23
Suppose -20 = -0*x - 4*x. Suppose x*t - 3*v - 22 = 0, 3*t - 4*t - 5*v = 18. Suppose 0 = -4*f - 16, b = 2*b + 2*f + t. List the prime factors of b.
2, 3
Let f be 1*(1 - -7 - 2). Let b be 43 - 2/f*0. Let g = b - 30. What are the prime factors of g?
13
Let d(g) = 5*g**2 - 6*g + 3. What are the prime factors of d(2)?
11
Suppose 2*a = 10 + 44. List the prime factors of a.
3
Suppose 0 = q - 0 + 3. List the prime factors of (-4)/6 + (-41)/q.
13
Let s be (18/15 + 0)*-5. Let n be (2 - 0)*117/s. Let p = -26 - n. What are the prime factors of p?
13
Suppose -9*d = -8*d - 20. What are the prime factors of d?
2, 5
Let f(t) = t - 8. Let h be f(8). Let c(l) = -l + 2. Let d be c(h). List the prime factors of (20/8)/(1/d).
5
Suppose -2*y - 514 = -4*a, 109 + 22 = a + 2*y. Suppose -3*h = -5*v + 119, 4*v - a = -5*h - 19. What are the prime factors of v?
5
List the prime factors of (-3)/9 - (-22)/3.
7
Suppose 0 = -2*q - 25 + 125. Let x = 72 - q. What are the prime factors of x?
2, 11
Let w(q) = 2*q**2 - 6*q - 17. What are the prime factors of w(-4)?
3, 13
Let n(m) = -15*m + 25. What are the prime factors of n(-12)?
5, 41
Suppose 39 + 23 = c - 3*t, -c = t - 50. Suppose f = -4*r + 82, -5*f = 6*r - 3*r - c. What are the prime factors of r?
3, 7
List the prime factors of (-388)/(-15) + 8/60.
2, 13
Let f = -5 + 3. Let a(r) = -10*r + 2. Let b be a(f). Suppose d + d = b. What are the prime factors of d?
11
Suppose 5*q - 8*q + 147 = 0. What are the prime factors of q?
7
Let m be 39 - (2 + -8)/(-3). Let n = m - 9. Suppose -2*h + 2*w + 26 = 0, 6*h - 2*h - n = -4*w. What are the prime factors of h?
2, 5
Let w(t) = t - 4. Let o be w(6). Suppose 0 = o*d + 2*h - 6, -2*d - d - h - 1 = 0. List the prime factors of (5/4)/(d/(-8)).
5
Let j = -1 - -49. Let g(i) = 9*i**2 - 2. Let w be g(-1). Suppose j = w*d - 3*d. What are the prime factors of d?
2, 3
Let k(r) = -2*r + 10. Suppose 5*d = 4*p - 28, 5 = d + 3*p + 22. List the prime factors of k(d).
2, 13
What are the prime factors of (6/9)/(6/675)?
3, 5
Let w(t) = -5*t + 6. Let u be w(3). List the prime factors of (1 + u)*(-55)/20.
2, 11
What are the prime factors of (-9)/((-225)/530)*10/4?
53
Suppose -17 = -x + 3. What are the prime factors of x?
2, 5
Let u(b) = -b**3 - 7*b**2 + 7*b - 5. Suppose -s - 4*s = 40. What are the prime factors of u(s)?
3
Suppose -3*l + 16*l - 3393 = 0. List the prime factors of l.
3, 29
Let g(c) = c**3 - 9*c**2 - c + 7. Let x be g(9). List the prime factors of (-18)/(-2 + -1 - x).
2, 3
Suppose -3*x + 3*d = 1 - 46, 3*x - d - 35 = 0. What are the prime factors of x?
2, 5
Let n(t) = -t**2 + 19*t - 5. List the prime factors of n(16).
43
Suppose -2*z - z - 6 = 0. Let c be 1*(0 + 3 + z). List the prime factors of 26/c*5/10.
13
Let p be -20*(6/8)/(-1). Let u = -11 + p. What are the prime factors of (-4)/(-3)*6/u?
2
Suppose 2*w + 2*b - 24 = -2*b, -32 = -3*w - 5*b. Suppose 4*y - 68 = 4*i, w*y + 0*i = i + 74. List the prime factors of y.
19
Let k(h) = 9*h**2 + 12*h - 27. Let s(m) = 5*m**2 + 6*m - 14. Let o(q) = -6*k(q) + 11*s(q). Suppose 0*w - 21 = -3*w. List the prime factors of o(w).
3, 5
Suppose 0 = -3*f + 2*f - 1. Let c = f + 6. Suppose 0 = -m + 3*g + 11, 2*m - c*g - 25 = -m. What are the prime factors of m?
5
Suppose -3*f = 17 - 8. Let r be 1/f + 204/(-9). Let s = -12 - r. What are the prime factors of s?
11
Suppose 0 = 4*c - 4*q - 4, 3*c = 5*q - 0*q + 5. List the prime factors of c/(-3 - -5) - -33.
3, 11
Let c(k) = -k - 4. Let n be c(0). Let y(i) = i**2 - 2 - i + 4*i + 3 + 0*i**2. List the prime factors of y(n).
5
Suppose 20 = -l - 4*h, 7*l + 2*h = 2*l - 28. Suppose 0 = -2*c - 3*c + 10. Let g = c - l. What are the prime factors of g?
2, 3
Let r(q) = -2*q + 11. List the prime factors of r(-8).
3
Let q(a) = a + 4. Let s be q(0). Let z = s - -15. List the prime factors of z.
19
Suppose 4 = -3*p + 4*p. Suppose p*m + f = 5 + 4, -m = -4*f + 2. Let b(s) = s**2 - s + 2. List the prime factors of b(m).
2
Let x be (-14)/35 + 921/15. Suppose 2*c = -2*l + 3*c + x, -l + 13 = -4*c. What are the prime factors of l?
3, 11
Let d(x) = -x**2 - 3*x. Let n be 2/10 - (-21)/(-5). Let g be d(n). Let m(h) = h**2 + 2*h. List the prime factors of m(g).
2
Let a(g) be the first derivative of 2*g**3/3 + 3*g**2 - g + 2. What are the prime factors of a(-5)?
19
Let b(l) = l**3 + 4*l**2 - 3*l - 1. Let z be b(-4). Suppose -13 = -3*s + z. Suppose -s = -3*v + 7. List the prime factors of v.
5
Let a(j) = 3*j + j**2 + 0*j**2 - 2*j. List the prime factors of a(-4).
2, 3
Let q = -1 + 4. Suppose 26 = q*g - 10. List the prime factors of g.
2, 3
Suppose -3*c = -5*c + 48. Suppose 0 = -3*u - 3*x + 12, 3*u + 4 = x + c. List the prime factors of u.
2, 3
Suppose 3*m + 0*m = 9. Suppose m*j - 4 - 4 = -d, 0 = -5*d - 5*j + 20. List the prime factors of d.
2
Suppose -y + 102 = -4*x, 3*y - 9*x - 285 = -4*x. List the prime factors of y.
2, 3, 5
Suppose q + q + 6 = 0, -2*q - 30 = -2*g. Suppose 145 = g*k - 7*k. List the prime factors of k.
29
Let n(h) = h + 48. What are the prime factors of n(-14)?
2, 17
Let p = -11 - -28. Suppose 13 = m + 5*o - 3*o, -p = -2*m - o. List the 